 t. What is the hundreds digit of h?
1
What is the tens digit of ((24/48)/(3/81876))/1?
4
Suppose -298*p = -265*p - 25344. What is the hundreds digit of p?
7
Let m = -62655 - -115402. What is the thousands digit of m?
2
Suppose -7*c = 7*c - 84. Let p be -3*(8/c - 3). Suppose -4*b + 352 = 2*u, -5*b + 188 = p*u - 242. What is the units digit of b?
0
Suppose 2*r - 7 = w, -2*r = 2*r + 5*w + 7. What is the tens digit of r + -3 + 308 - (-9)/(-3)?
0
Let v(t) be the first derivative of -11*t**2 - 4*t - 1. Let m be v(-7). Let g = m + -50. What is the tens digit of g?
0
Let t(a) = 8 + 3*a + 5 - 2 - a**2 + 9. Let k be t(5). Suppose -2*d - k = 0, 3*d = -4*n - 3 - 4. What is the units digit of n?
2
Let c = 20212 + -10058. What is the hundreds digit of c?
1
Suppose -15*l + 12*l = 18. Let u be l/4*2 + 285. Suppose o + 4*w = 75, -3*o + u - 27 = 2*w. What is the units digit of o?
7
Let x be (-6 + 2)*-1 - (-3 - -4). Suppose 1956 = g + 4*g - x*i, -5*g + 4*i = -1953. What is the tens digit of g?
9
Suppose 0 = -160*y + 165*y - 15. What is the tens digit of (-1 - -16) + 0 + y?
1
Suppose -2*y - 28870 = -23*y + 49880. What is the tens digit of y?
5
Let o = -245 + 247. Suppose 0 = o*x - 937 - 135. What is the hundreds digit of x?
5
What is the units digit of (-425472)/60*((-20)/28)/(16/56)?
8
Suppose 3495122 + 1852353 = 175*k. What is the tens digit of k?
5
Suppose 13*t - 24*t = 0. Suppose 4*k = -4*d + 2056, d - k - k - 502 = t. What is the hundreds digit of d?
5
Suppose 8 = -4*l, 12*l = -5*m + 7*l + 900. Suppose -6*w = -w - 620. Let b = m - w. What is the tens digit of b?
5
Let r = -747 - -740. Let p(m) = m - 3*m - m**2 + 2 - m**3 - 6*m**2. What is the units digit of p(r)?
6
Suppose -w + 36709 = m, 15390 = -5*m - 4*w + 198940. What is the tens digit of m?
1
Suppose -v + 22 = -2*s - 58, 40 = -s + 5*v. Let i be (-6)/15 - 16/s. Suppose -2*o - 3*q + 186 = 0, -8 = 2*q - i. What is the tens digit of o?
9
Suppose -3*c = 2*c + 5*a - 25, -2*c = -5*a - 10. Suppose 3*v = 5*m + 578, c*v - 1323 + 377 = 4*m. Suppose -5*i + 304 = -v. What is the tens digit of i?
9
Suppose 11*j - 153680 = 17*j - 14*j. What is the units digit of j?
0
Let p be (60/14)/(81/4158). Suppose 33*h + p = 37*h. What is the units digit of h?
5
Suppose -22*g + 1658 - 5143 = -51511. What is the tens digit of g?
8
Let q be ((-15)/(-5))/(-1) + -1 + 4. Suppose -t + q = 2, -u = t - 1858. What is the tens digit of u/(-6)*(24/(-10) - -2)?
2
Let o = -1174 - -1047. Suppose -g - 56 = -268. Let v = g + o. What is the units digit of v?
5
Let j be 3 + 9 - 8/(8/(-4)). Suppose j*b - 836 = 12*b. What is the units digit of b?
9
Let j(h) = 7*h**2 + 101*h - 4088. What is the hundreds digit of j(71)?
3
Let g = 17 - 15. Suppose -174 = 4*a + g*a. Let s = a + 84. What is the units digit of s?
5
Let o = 192 + -104. Suppose -o = 2*m - 10*m. Suppose -4*c = -213 - m. What is the units digit of c?
6
Suppose 0 = 1027*z - 1017*z + 30. Let s(b) = 7 - 23*b - b - 4*b. What is the units digit of s(z)?
1
Suppose 2*m + 632*r - 628*r - 83384 = 0, 3*m - 125066 = -4*r. What is the tens digit of m?
8
Let f be 1328/6*1/((-12)/(-81)). Suppose 13*x - 4588 = -f. Let i = 394 - x. What is the units digit of i?
6
Let u(r) be the second derivative of 131*r**5/10 + r**4/12 + 5*r**3/6 - 5*r**2/2 + 170*r. What is the hundreds digit of u(1)?
2
Let a = 89 + 3502. What is the hundreds digit of a?
5
Suppose 0*z - 376 = -4*z. Suppose 124*b + 1080 = 133*b. Let m = b - z. What is the units digit of m?
6
Let n(x) = 4921*x**2 - 158*x - 37. What is the units digit of n(3)?
8
Let t(v) = -2*v**2 - 24*v - 19. Let n be t(-11). What is the units digit of (-15)/n + 4 + 157?
6
Let x(i) be the first derivative of 107*i**2/2 - 24*i - 5. Let u = 149 - 147. What is the hundreds digit of x(u)?
1
Let k = 1065 + 47864. What is the ten thousands digit of k?
4
Suppose -36*n + 566308 = -164998 + 142418. What is the hundreds digit of n?
3
Suppose 0 = -50*c + 9990 + 34260 - 6100. What is the hundreds digit of c?
7
Suppose 4*t - 54096 = -2*w, -3*t + 169*w = 172*w - 40581. What is the ten thousands digit of t?
1
Suppose 4*u + 5*v = 6185, -u - 3*v = -787 - 768. Let k be 1/(-2 + 3 - 12/8). What is the units digit of k/(-5) + u/25 + 4?
6
Let f(u) = 12*u**2 - 4*u + 14. Suppose 0*t - 5*q + 1 = 2*t, 5*t = -2*q + 34. Let k be f(t). What is the units digit of (k/9)/((-4)/(-6))?
5
Let q = 58225 - 28379. What is the units digit of q?
6
Let l(o) = -510*o - 565. What is the thousands digit of l(-29)?
4
Let h(z) = 2*z**3 + 8*z**2 + 3*z + 1. Let b be h(-2). Suppose b*o - 2317 = 4*o. What is the tens digit of o?
3
Suppose 2*i - 6*i + 5*w + 1089 = 0, -264 = -i + 4*w. What is the hundreds digit of i?
2
Let d = -158 - -54. Let x = -96 - d. What is the hundreds digit of x/(-4) + 1 + 235?
2
Let d(q) = 83*q**2 - 64*q - 323. What is the tens digit of d(-5)?
7
Let c = 88797 - 62134. What is the thousands digit of c?
6
Let y be ((-29)/2)/(36/(-72)). Suppose -30*t - y*t + 75815 = 0. What is the thousands digit of t?
1
Let p = 276 - 271. Suppose 0 = 9*b - 4*b + 2*r - 1095, 4*b - p*r = 909. What is the hundreds digit of b?
2
Let b = -23350 + 50165. What is the ten thousands digit of b?
2
Let n = 79 + -57. Suppose -20*w + n*w - 752 = 0. What is the units digit of w?
6
Let s(o) = 9 - 7 - 10*o - 8. Let t be s(1). Let y = t - -35. What is the units digit of y?
9
Suppose -4*q + 729 = 4*n - 875, -4*n - 2*q + 1596 = 0. Let y = 663 - n. What is the hundreds digit of y/2 + 0 + -2?
1
Let g(y) = 352*y + 82. What is the ten thousands digit of g(42)?
1
Suppose 0 = -2*j - x - 9 + 212, 3*x + 3 = 0. What is the units digit of j?
2
What is the hundreds digit of -38894*(-1)/6 + 248/372?
4
Suppose p + 10 = l + 4*l, -3*l = -p - 8. Let j(s) = -77*s - 34. What is the hundreds digit of j(p)?
3
What is the thousands digit of (-154634)/(-22) + (35/132 - (-8)/(-96))?
7
Let a(w) be the third derivative of -w**6/30 - w**5/60 - w**4/8 - 2*w**3/3 + 72*w**2. What is the units digit of a(-2)?
0
Let y(z) = 2*z**2 - z - 2. Let w be y(-1). Let a be -2 - (-22*w + -1). Suppose -a*n = -14*n - 924. What is the tens digit of n?
3
Let d(w) = 2*w**2 - 21*w + 25. Suppose -8*b - 7 + 39 = 0. Let u be (19 - 0)*(6 + -5) - b. What is the hundreds digit of d(u)?
1
Suppose -b - 2415 = -6*b. Let w = b + -282. What is the hundreds digit of w?
2
Let t(j) = -221 + 3*j + 12*j + 68 + 5*j. What is the tens digit of t(30)?
4
Suppose 4*x = -3*t + 22705, -3*x - 3*t + 24059 = 7028. What is the thousands digit of x?
5
Let a = 119 + -63. Let b be (16/a)/((4/14)/2). Suppose t = -b*t + 12. What is the units digit of t?
4
What is the thousands digit of 749188521/28045 + ((-6)/(-10)*2 - 1)?
6
Suppose -v + 2*v + 7 = h, -5*h = -4*v - 34. Let g(i) = 2*i**2 - 3*i + 9. Let w(n) = -n**2 + 2*n - 1. Let o(b) = -g(b) - 3*w(b). What is the units digit of o(h)?
2
Let v(i) = -14*i - 8. Let q be v(13). Let j = q + 287. Let y = j - 67. What is the units digit of y?
0
Let o be ((-180)/(-25))/(3/15). Suppose -7*h + o = 5*h. Suppose 483 = 3*v - 4*c, 2*c + h*c - 510 = -3*v. What is the units digit of v?
5
Suppose -i = 5*o - 36 + 13, 0 = -3*o - 3*i + 21. Suppose -2*r = o*l - 470, -5*l - 488 = -2*r - 3*l. What is the hundreds digit of r?
2
Let h(b) = b**2 - 14*b + 35. Let l be h(11). Suppose l*n - 547 = 1789. What is the tens digit of n?
6
Let h(s) = -265*s - 382. What is the units digit of h(-5)?
3
Let m(i) = -822*i + 200. What is the tens digit of m(-4)?
8
Let t be (15/((-225)/(-10)))/(1/3). What is the units digit of (-5862)/(-24) + t/(-8)?
4
Suppose 0 = -75*y + 81*y - 150. What is the hundreds digit of (30/(-18))/(y/(-16545))?
1
Suppose 0 = 4*f + 3*v - 59570, -82*f - 5*v = -79*f - 44683. What is the tens digit of f?
9
Suppose -1174 + 46958 = 8*v. What is the hundreds digit of v?
7
Let q = -729 + 438. Let o = -35 - q. What is the tens digit of o?
5
What is the units digit of (23757/9 + 20/(-12))/2?
9
Let v(k) be the first derivative of k**3/3 + 3*k**2/2 + 78*k - 167. Let g(x) = x. Let s be g(0). What is the tens digit of v(s)?
7
Suppose 0 = -4706*y + 4733*y - 129357. What is the hundreds digit of y?
7
Let y(q) be the first derivative of q**2 + 40*q + 51. What is the tens digit of y(17)?
7
Let z(o) = -11*o**3 - 23*o**2 + 27*o - 62. Let h(q) = 20*q**3 + 47*q**2 - 55*q + 123. Let a(m) = 6*h(m) + 11